 38 = k, -m - 4*m = 2*v + 6. What are the prime factors of 13 + v + (-12)/(-2)?
2, 3
Let d(z) = -z**3 - z**2. Let m be d(-2). Let l = m + 13. Suppose -r - l = -2*r. List the prime factors of r.
17
Let d = -1942 - -3205. List the prime factors of d.
3, 421
Suppose 16*v - 222 = 1154. List the prime factors of v.
2, 43
Let f = -9 + 14. Suppose -5*y - 44 = t, -f*t - 16 = 3*y + 6. What are the prime factors of (y + 0)/((-3)/21)?
3, 7
Let o(p) = p**3 - p**2 + 11. Let r(t) = -2*t**3 + t**2 - t. Let b be r(1). Let h be (3 + 2 + -5)/b. What are the prime factors of o(h)?
11
Suppose 11 = 5*d + 1. Suppose -9*f - d*f = -1419. What are the prime factors of f?
3, 43
Suppose -6*w = -11*w + 650. Suppose w = 3*k - 5*k. Let m = -31 - k. List the prime factors of m.
2, 17
Let w = 42 + -30. Let x = 20 - w. Let c(j) = -j**2 + 9*j - 1. What are the prime factors of c(x)?
7
Let u be (8/(-32))/((-1)/4). List the prime factors of 127/1 - (0 - 1/u).
2
Let w(z) = 2*z**2 + 2*z + 3. Let y be w(-2). Let f(g) = 43*g - 52*g - y - 1 + 2. What are the prime factors of f(-4)?
2, 3, 5
Suppose -2*t = 2*t - 864. Let h(x) = x**2 + 8*x - 58. Let j be h(5). Suppose -t = n - j*n. List the prime factors of n.
2, 3
Let d = 179 + 316. What are the prime factors of d?
3, 5, 11
Suppose -3*h + 5*w = 4*w - 12, 0 = -3*w - 9. Suppose 96 = 4*d - r, -3*r + h = d + 2*r. What are the prime factors of d?
23
Let y(q) = 83*q**3 - 2*q**2 + 3*q - 2. Let p be (4/8 + 0)*2. What are the prime factors of y(p)?
2, 41
Let s(i) = -i**3 + 8*i**2 + 6*i - 11. Let l = 52 - 46. What are the prime factors of s(l)?
97
Let d be (0 + 1)/((-7)/28). Let j(a) = -2 + 5*a - 3*a**2 + 21*a**3 - 20*a**3 + 10*a**2. What are the prime factors of j(d)?
2, 13
Suppose 4*m + 0*m + 16 = 4*n, 2*n = 3*m + 12. Suppose 4*g - 2*r - 824 = n, -2*g - 3*r + 191 = -237. What are the prime factors of g?
2, 13
Suppose -5*l = -4*l - 4*m + 15, -3*l - 3*m - 15 = 0. Let v = -6 - l. Let h(i) = 18*i**3. List the prime factors of h(v).
2, 3
Suppose -13*d - 1963 = -26*d. What are the prime factors of d?
151
Let u be -5*(-7)/((-140)/(-8)). Suppose -g + 5 = -2*g - 4*k, 0 = -u*k - 4. Suppose -6 - 20 = -q + g*f, -f = -4*q + 60. List the prime factors of q.
2, 7
Let h = 30 - 14. Let q = 17 - h. Suppose 4*z - 81 + q = 0. What are the prime factors of z?
2, 5
Suppose -4*l - 57 = 3. List the prime factors of (-933)/(-5) + (-6)/l - 2.
5, 37
Suppose 32*t - 2*g + 9293 = 35*t, 4*g = -8. What are the prime factors of t?
3, 1033
Let r = -2 + 9. Let w = r + 14. What are the prime factors of w?
3, 7
Let s = 15 - -15. Suppose 2*z + 0*q - 20 = -4*q, 5*z = -5*q + s. Suppose 0 = z*l - d - 136, 3*l - 5*d - 86 = 2*l. What are the prime factors of l?
2, 3, 11
Suppose -7*w - 35 = -2*w. Let c(r) = -r - 2. Let k be c(w). What are the prime factors of -1*(-3 + k - 7)?
5
Suppose 34 = 3*p + 5*f, 0 = 3*p - 4*f - 2 - 41. List the prime factors of p/((-2)/(-7)*35/20).
2, 13
Suppose 0 = 11*c - 40610 - 3907. List the prime factors of c.
3, 19, 71
Let n(l) = 8*l - 43. What are the prime factors of n(10)?
37
Let c = 5 - -2779. List the prime factors of c.
2, 3, 29
Suppose 3*o - 2*y = -37, 2*o + 4*y + 30 = -0*o. Let n = o + 44. Suppose 47 = 3*a - 4*j, -5*a + 5*j + 39 = -n. What are the prime factors of a?
3
Suppose -2*k + 6 + 24 = 0. Let d = 49 - k. List the prime factors of d.
2, 17
Let b(z) = 3*z**2 + 21*z - 21. Let d(s) = -s**2 + 8*s - 3. Let k be d(9). List the prime factors of b(k).
3, 53
Let r(l) = 2*l - 1. Let z(f) = 6*f - 3. Let t(h) = -17*r(h) + 6*z(h). Let c be t(0). List the prime factors of (-2 + 8 - 2) + c.
3
Suppose 4*w = -c - 28 - 51, -3*w + 192 = -3*c. Let v = -15 - c. Suppose -v = 5*t - 7*t. List the prime factors of t.
2, 13
Let z = 43 - 29. Let o(i) = 4*i + 25. What are the prime factors of o(z)?
3
Let n = 702 + -495. Suppose -3*k - 3*m + n = 0, 4*k - 2*k + 5*m = 126. What are the prime factors of k?
73
Let n(r) = -241*r - 476. List the prime factors of n(-12).
2, 151
Let f(s) be the second derivative of -s**5/20 - 5*s**4/6 - 19*s**3/6 + 9*s**2/2 - s. What are the prime factors of f(-9)?
3, 11
Suppose 10*h - 34*h + 134880 = 0. What are the prime factors of h?
2, 5, 281
Let a(u) = -25*u - 165. What are the prime factors of a(-28)?
5, 107
Let l(u) = -u**2 - 9*u + 22. What are the prime factors of l(-10)?
2, 3
Suppose -7*o = -t - 6*o + 2197, -4*t - o + 8813 = 0. List the prime factors of t.
2, 3, 367
Suppose 0 = 5*b + 3*z - 904, 2*b + 3*z = 160 + 207. What are the prime factors of b?
179
What are the prime factors of 4/2 - 5/((-5)/411)?
7, 59
Let a(t) = -t**3 + 6*t**2 + 8*t - 8. Let w be a(7). Let l = 3 + w. Suppose l = s - 20. List the prime factors of s.
2, 11
Let y = -10 + 13. Suppose k - y*k = 2. Let r = 7 - k. List the prime factors of r.
2
Suppose 2*a = -j + 353, 2*a - a = 5*j - 1765. What are the prime factors of j?
353
Let h(v) = 4*v**3 + 3*v**2 - 2. Let s be (-26)/(-12) - (-3)/(-18). Let i be h(s). Suppose -2*k = -0*k - i. List the prime factors of k.
3, 7
Let p(s) = s**3 + 21*s**2 - 8*s + 62. List the prime factors of p(-20).
2, 311
Let q(a) = 15*a + 1084. What are the prime factors of q(0)?
2, 271
What are the prime factors of 101*2*(-4 - (-27)/6)?
101
Suppose -r + 36 + 22 = 0. What are the prime factors of r?
2, 29
Let d = -7 + 10. Suppose 4 + 14 = d*m. Let h(u) = -u**3 + 5*u**2 + 9*u - 8. What are the prime factors of h(m)?
2, 5
Let v = 585 + -164. List the prime factors of v.
421
Let t = 25 - 13. Suppose 0 = -t*c + 750 + 2094. What are the prime factors of c?
3, 79
Suppose 3*g - 6 = 2*z, 0 = 4*z + 7 + 5. Let h(k) = 17 - 6 - k - k + g*k. What are the prime factors of h(0)?
11
Let t = -116 - -138. Suppose 13*d + 1359 = t*d. What are the prime factors of d?
151
Let z(s) = 7 - 7*s - 31 - 22*s + 3*s. What are the prime factors of z(-8)?
2, 23
Let s(r) = r + 3*r - 7*r - 9. Let c be -3 - (-3*8/(-6) - 0). What are the prime factors of s(c)?
2, 3
Suppose 48110 = 6532*i - 6522*i. What are the prime factors of i?
17, 283
List the prime factors of 2/(((-18)/(-656))/9).
2, 41
Suppose -b + 174 = -39. Suppose 19*v + b = 22*v. What are the prime factors of v?
71
Let a = 48 - 48. What are the prime factors of a + (-4)/(-18) + (-7332)/(-54)?
2, 17
Let r(t) = -3*t**3 - 15*t**2 + 9*t - 25. Let d(c) = -2*c**3 - 7*c**2 + 4*c - 13. Let l(i) = 5*d(i) - 3*r(i). List the prime factors of l(7).
2, 3
Let p = 481 + -206. List the prime factors of p.
5, 11
Suppose 25*x - 50885 = 13115. List the prime factors of x.
2, 5
Let d(p) = p**3 + 6*p**2 + 4*p - 3. Let l be d(-5). Suppose l*o - 136 = -2*a, 8 = -2*a + 4*a. List the prime factors of o.
2
Suppose j - 831 = -4*x, 687 = 5*x + 4*j - 338. List the prime factors of x.
11, 19
Suppose 0 = 2*m - 3*o - 5579, 0*o + 11113 = 4*m + 3*o. What are the prime factors of m?
2, 13, 107
Let t(f) be the first derivative of f**2/2 + 11*f + 1. Let x be t(-8). Suppose x*p + 52 = 5*p. List the prime factors of p.
2, 13
Let x = 1 - 11. Let w = 23 + x. Suppose 3*n = 4*k + 23, -4*k + 0*k - w = -n. What are the prime factors of n?
5
List the prime factors of (-9156)/(-10) + 14/35.
2, 229
What are the prime factors of (35/14 + -2)/((-1)/(-3012))?
2, 3, 251
Let l(a) = 22*a. Let u be l(5). What are the prime factors of u - (0 - -1)*-1?
3, 37
Suppose -55*h + 65*h = -660. Suppose -2*k + 7*k = 3*o + 148, -113 = 3*o + 2*k. Let u = o - h. List the prime factors of u.
5
Let d(a) = 112*a - 12. What are the prime factors of d(3)?
2, 3
Suppose 5*h = 3*h + 2. Suppose -q + 6 = h. Suppose q*u - 22 - 34 = -3*f, -3*f + 58 = 4*u. List the prime factors of f.
2, 11
Let s be (-9)/21 - 190/14. Let n be (-166)/s - (-2)/14. What are the prime factors of n/42 + 103/7?
3, 5
Suppose 2*h + 4017 = 5*h + 4*o, -h + 1326 = -3*o. What are the prime factors of h?
3, 5, 89
Let q = -3437 - -6832. What are the prime factors of q?
5, 7, 97
Let o(g) be the first derivative of 8*g**2 + 4*g + 23. What are the prime factors of o(2)?
2, 3
Let k(c) = 28*c - 43. What are the prime factors of k(15)?
13, 29
Let u(y) = -2*y + 7*y**2 + 8*y**3 - 9*y**2 + 1 + 2*y**3. List the prime factors of u(2).
3, 23
Suppose -2*h + 55 = 3*h. Let o(y) = -y**3 + 6*y**2 + 5*y + 14. Let r be o(h). List the prime factors of 4/(-14) - r/14.
2, 19
Let j be (-2)/(-3) - 10/6. Let h be 31/j*1 + 0. Let l = 44 + h. What are the prim